 is the ten thousands digit of 1331658?
3
What is the hundred thousands digit of 206493?
2
What is the hundred thousands digit of 2123849?
1
What is the hundreds digit of 1207513?
5
What is the thousands digit of 1803847?
3
What is the hundreds digit of 173131?
1
What is the hundreds digit of 192228?
2
What is the tens digit of 272864?
6
What is the millions digit of 4328389?
4
What is the millions digit of 3406217?
3
What is the hundred thousands digit of 424603?
4
What is the hundreds digit of 66400?
4
What is the hundred thousands digit of 3303206?
3
What is the ten thousands digit of 519119?
1
What is the ten thousands digit of 531398?
3
What is the units digit of 76127?
7
What is the thousands digit of 148867?
8
What is the ten thousands digit of 1520745?
2
What is the thousands digit of 80614?
0
What is the hundreds digit of 137811?
8
What is the tens digit of 924296?
9
What is the tens digit of 376557?
5
What is the tens digit of 235656?
5
What is the thousands digit of 8871178?
1
What is the hundred thousands digit of 936441?
9
What is the units digit of 2506288?
8
What is the units digit of 129061?
1
What is the units digit of 563603?
3
What is the hundreds digit of 2111070?
0
What is the millions digit of 7268858?
7
What is the thousands digit of 14868673?
8
What is the hundred thousands digit of 18375541?
3
What is the hundred thousands digit of 1357278?
3
What is the tens digit of 6950094?
9
What is the tens digit of 48285?
8
What is the hundreds digit of 47495?
4
What is the hundreds digit of 4922970?
9
What is the tens digit of 387561?
6
What is the thousands digit of 349027?
9
What is the tens digit of 192786?
8
What is the tens digit of 4983200?
0
What is the millions digit of 6816666?
6
What is the ten thousands digit of 4915363?
1
What is the units digit of 205805?
5
What is the units digit of 12049314?
4
What is the hundred thousands digit of 4822675?
8
What is the hundreds digit of 22129788?
7
What is the hundreds digit of 8940920?
9
What is the hundreds digit of 3522038?
0
What is the millions digit of 4023710?
4
What is the thousands digit of 59448?
9
What is the units digit of 2508446?
6
What is the hundreds digit of 663638?
6
What is the millions digit of 2585291?
2
What is the ten thousands digit of 2063444?
6
What is the thousands digit of 129161?
9
What is the units digit of 4503382?
2
What is the thousands digit of 256140?
6
What is the units digit of 217471?
1
What is the ten thousands digit of 29421?
2
What is the hundred thousands digit of 17882972?
8
What is the units digit of 556952?
2
What is the units digit of 1066761?
1
What is the units digit of 195894?
4
What is the millions digit of 4922620?
4
What is the ten thousands digit of 4449135?
4
What is the tens digit of 4939459?
5
What is the tens digit of 88361?
6
What is the thousands digit of 44873?
4
What is the hundreds digit of 63959?
9
What is the ten thousands digit of 127042?
2
What is the units digit of 104696?
6
What is the hundreds digit of 1820416?
4
What is the hundred thousands digit of 41600925?
6
What is the units digit of 66766?
6
What is the tens digit of 120026?
2
What is the ten thousands digit of 92811?
9
What is the hundred thousands digit of 14222600?
2
What is the units digit of 1130196?
6
What is the ten millions digit of 41862760?
4
What is the hundred thousands digit of 303390?
3
What is the hundreds digit of 19412389?
3
What is the units digit of 1598280?
0
What is the units digit of 2123726?
6
What is the units digit of 3796138?
8
What is the ten thousands digit of 280131?
8
What is the hundreds digit of 1395228?
2
What is the hundreds digit of 9385854?
8
What is the hundreds digit of 117471?
4
What is the tens digit of 5978481?
8
What is the units digit of 2310214?
4
What is the units digit of 49182?
2
What is the thousands digit of 1078847?
8
What is the ten thousands digit of 444639?
4
What is the hundreds digit of 248048?
0
What is the hundred thousands digit of 347689?
3
What is the tens digit of 10467668?
6
What is the tens digit of 8239345?
4
What is the hundred thousands digit of 356215?
3
What is the thousands digit of 4575236?
5
What is the units digit of 3777872?
2
What is the units digit of 5039044?
4
What is the ten thousands digit of 461572?
6
What is the tens digit of 3431161?
6
What is the ten thousands digit of 281621?
8
What is the thousands digit of 15424794?
4
What is the hundreds digit of 402159?
1
What is the hundred thousands digit of 165014?
1
What is the hundreds digit of 13134095?
0
What is the thousands digit of 764614?
4
What is the tens digit of 341846?
4
What is the tens digit of 8086905?
0
What is the millions digit of 2233040?
2
What is the hundred thousands digit of 13241311?
2
What is the ten thousands digit of 133978?
3
What is the tens digit of 886648?
4
What is the millions digit of 1475382?
1
What is the millions digit of 5722007?
5
What is the hundreds digit of 87604?
6
What is the hundred thousands digit of 183454?
1
What is the ten thousands digit of 5225610?
2
What is the ten thousands digit of 258452?
5
What is the millions digit of 1113485?
1
What is the thousands digit of 1698801?
8
What is the hundred thousands digit of 7242622?
2
What is the units digit of 611737?
7
What is the tens digit of 3884441?
4
What is the units digit of 20713?
3
What is the hundreds digit of 27223983?
9
What is the millions digit of 29692290?
9
What is the hundred thousands digit of 4098520?
0
What is the millions digit of 3430699?
3
What is the millions digit of 2441213?
2
What is the units digit of 1698022?
2
What is the millions digit of 3025496?
3
What is the thousands digit of 306777?
6
What is the millions digit of 1132453?
1
What is the ten thousands digit of 13127078?
2
What is the thousands digit of 285735?
5
What is the hundred thousands digit of 3354158?
3
What is the hundreds digit of 3465469?
4
What is the thousands digit of 9445?
9
What is the units digit of 998404?
4
What is the thousands digit of 186080?
6
What is the units digit of 95146?
6
What is the ten thousands digit of 1869863?
6
What is the hundred thousands digit of 188886?
1
What is the tens digit of 146187?
8
What is the hundred thousands digit of 11407069?
4
What is the thousands digit of 3793500?
3
What is the millions digit of 4760328?
4
What is the hundred thousands digit of 232815?
2
What is the hundreds digit of 274713?
7
What is the hundred thousands digit of 192999?
1
What is the thousands digit of 6144321?
4
What is the tens digit of 12331?
3
What is the tens digit of 2059965?
6
What is the thousands digit of 2292025?
2
What is the millions digit of 8699203?
8
What is the tens digit of 205249?
4
What is the millions digit of 7245476?
7
What is the hundreds digit of 7433574?
5
What is the ten thousands digit of 1918898?
1
What is the units digit of 4668129?
9
What is the hundreds digit of 3067354?
3
What is the hundred thousands digit of 3126801?
1
What is the thousands digit of 348765?
8
What is the tens digit of 172353?
5
What is the millions digit of 13476017?
3
What is the millions digit of 1590789?
1
What is the thousands digit of 129453?
9
What is the hundred thousands digit of 2223700?
2
What is the tens digit of 633358?
5
What is the tens digit of 5586573?
7
What is the hundreds digit of 3966202?
2
What is the hundred thousands digit of 272050?
2
What is the tens digit of 355819?
1
What is the tens digit of 5328036?
3
What is the hundreds digit of 330939?
9
What is the ten thousands digit of 3163935?
6
What is the hundreds digit of 1304464?
4
What is the thousands digit of 633197?
3
What is the hundred thousands digit of 402138?
4
What is the hundred thousands digit of 274880?
2
What is the tens digit of 218892?
9
What is the hundreds digit of 3626536?
5
What is the tens digit of 894095?
9
What is the thousands digit of 639695?
9
What is the hundreds digit of 267396?
3
What is the tens digit of 4658681?
8
What is the hundreds digit of 1203299?
2
What is the ten thousands digit of 317068?
1
What is the tens digit of 4512740?
4
What is the tens digit of 213108?
0
What is the thousands digit of 250774?
0
What is the tens digit of 42747575?
7
What is the hundred thousands digit of 3941530?
9
What is the ten millions 